{"id":986,"date":"2023-01-02T16:48:35","date_gmt":"2023-01-02T15:48:35","guid":{"rendered":"http:\/\/www.joergbayerlein.de\/?page_id=986"},"modified":"2023-01-04T07:12:09","modified_gmt":"2023-01-04T06:12:09","slug":"details-der-pv-anlage","status":"publish","type":"page","link":"https:\/\/www.joergbayerlein.de\/?page_id=986","title":{"rendered":"Details der PV- Anlage"},"content":{"rendered":"\n<p>Da unser S\u00fcd- West- Dach Schornstein, SAT- Antenne und ein Dachfenster enth\u00e4lt, ist eine rechteckige volle Belegung nicht m\u00f6glich. Die Planungsunterlagen von HiPlo sehen 23 Module auf drei Reihen vor. Da die Anzahl der Module pro String etwa gleich gro\u00df sein sollen, habe ich die mittlere Reihe auf beide Strings aufgeteilt. Planungsbild:<\/p>\n\n\n\n<figure class=\"wp-block-image size-large\"><a href=\"https:\/\/www.joergbayerlein.de\/wp-content\/uploads\/2023\/01\/Plan.png\"><img loading=\"lazy\" decoding=\"async\" width=\"1024\" height=\"753\" src=\"https:\/\/www.joergbayerlein.de\/wp-content\/uploads\/2023\/01\/Plan-1024x753.png\" alt=\"\" class=\"wp-image-987\" srcset=\"https:\/\/www.joergbayerlein.de\/wp-content\/uploads\/2023\/01\/Plan-1024x753.png 1024w, https:\/\/www.joergbayerlein.de\/wp-content\/uploads\/2023\/01\/Plan-300x221.png 300w, https:\/\/www.joergbayerlein.de\/wp-content\/uploads\/2023\/01\/Plan-768x564.png 768w, https:\/\/www.joergbayerlein.de\/wp-content\/uploads\/2023\/01\/Plan.png 1117w\" sizes=\"auto, (max-width: 1024px) 100vw, 1024px\" \/><\/a><\/figure>\n\n\n\n<p>Jetzt zeigt folgendes Bild einen Zwischenstand der Unterkonstruktion. Es fehlen noch 10 Haken oben rechts und die oberen Schienen. An jedem Sparren ist ein Dachhaken befestigt, an diesem wird die Querschiene angebracht. <\/p>\n\n\n\n<p> <\/p>\n\n\n\n<figure class=\"wp-block-image size-large\"><a href=\"https:\/\/www.joergbayerlein.de\/wp-content\/uploads\/2023\/01\/IMG-20221202-WA0001-scaled.jpeg\"><img loading=\"lazy\" decoding=\"async\" width=\"1024\" height=\"582\" src=\"https:\/\/www.joergbayerlein.de\/wp-content\/uploads\/2023\/01\/IMG-20221202-WA0001-1024x582.jpeg\" alt=\"\" class=\"wp-image-992\" srcset=\"https:\/\/www.joergbayerlein.de\/wp-content\/uploads\/2023\/01\/IMG-20221202-WA0001-1024x582.jpeg 1024w, https:\/\/www.joergbayerlein.de\/wp-content\/uploads\/2023\/01\/IMG-20221202-WA0001-300x170.jpeg 300w, https:\/\/www.joergbayerlein.de\/wp-content\/uploads\/2023\/01\/IMG-20221202-WA0001-768x436.jpeg 768w, https:\/\/www.joergbayerlein.de\/wp-content\/uploads\/2023\/01\/IMG-20221202-WA0001-1536x873.jpeg 1536w, https:\/\/www.joergbayerlein.de\/wp-content\/uploads\/2023\/01\/IMG-20221202-WA0001-2048x1164.jpeg 2048w\" sizes=\"auto, (max-width: 1024px) 100vw, 1024px\" \/><\/a><\/figure>\n\n\n\n<p>Die vier rechten Module in der Mitte geh\u00f6ren zum unteren String, die f\u00fcnf linken zum oberen. Jetzt gehen Solarkabel (6 mm\u00b2) von allen Anschl\u00fcssen \u00fcber T- St\u00fccke zu einem Verteilerkasten auf unserem Balkon. Das sieht dann so aus:<\/p>\n\n\n\n<p>  <\/p>\n\n\n\n<figure class=\"wp-block-image size-large\"><a href=\"https:\/\/www.joergbayerlein.de\/wp-content\/uploads\/2023\/01\/DSC_0481-2-scaled.jpg\"><img loading=\"lazy\" decoding=\"async\" width=\"1024\" height=\"576\" src=\"https:\/\/www.joergbayerlein.de\/wp-content\/uploads\/2023\/01\/DSC_0481-2-1024x576.jpg\" alt=\"\" class=\"wp-image-988\" srcset=\"https:\/\/www.joergbayerlein.de\/wp-content\/uploads\/2023\/01\/DSC_0481-2-1024x576.jpg 1024w, https:\/\/www.joergbayerlein.de\/wp-content\/uploads\/2023\/01\/DSC_0481-2-300x169.jpg 300w, https:\/\/www.joergbayerlein.de\/wp-content\/uploads\/2023\/01\/DSC_0481-2-768x432.jpg 768w, https:\/\/www.joergbayerlein.de\/wp-content\/uploads\/2023\/01\/DSC_0481-2-1536x864.jpg 1536w, https:\/\/www.joergbayerlein.de\/wp-content\/uploads\/2023\/01\/DSC_0481-2-2048x1152.jpg 2048w\" sizes=\"auto, (max-width: 1024px) 100vw, 1024px\" \/><\/a><\/figure>\n\n\n\n<p>Links sieht man 12 Klemmen der 11 Module unten, rechts 13 Klemmen der 12 Module oben. An jede Klemme kann man einfach herankommen und f\u00fcr jedes Modul ist die Modulspannung mit einem Multimeter messbar. Ein defektes Modul k\u00f6nnte man einfach per Kurzschluss aus dem String entfernen. Mit einem BKW &#8211; Wechselrichter k\u00f6nnte man die Leistung jedes einzelnen Moduls \u00fcberpr\u00fcfen. Zus\u00e4tzlich habe ich zwei Digitalinstrumente eingebaut, die \u00fcber einen Spannungsteiler jeweils die durch zehn geteilte Spannung an 10 Modulen jedes Strings anzeigt sowie den aktuellen Strom des Strings in Ampere. So sieht man jetzt zur Zeit bei bedecktem Wetter, dass pro Modul etwa 38 V Leerlaufspannung geliefert wird. Die Anlage ist zur Zeit noch nicht in Betrieb (null Ampere).<\/p>\n\n\n\n<p>Dann gelangen vier Solarkabel \u00fcber einen Blitzschutz an den Blitzschutzableiter Ph\u00f6nix, der au\u00dfen unter einem Dach angebracht ist, siehe folgendes Bild:<\/p>\n\n\n\n<p>  <\/p>\n\n\n\n<figure class=\"wp-block-image size-large\"><a href=\"https:\/\/www.joergbayerlein.de\/wp-content\/uploads\/2023\/01\/DSC_0482-2-scaled.jpg\"><img loading=\"lazy\" decoding=\"async\" width=\"576\" height=\"1024\" src=\"https:\/\/www.joergbayerlein.de\/wp-content\/uploads\/2023\/01\/DSC_0482-2-576x1024.jpg\" alt=\"\" class=\"wp-image-989\" srcset=\"https:\/\/www.joergbayerlein.de\/wp-content\/uploads\/2023\/01\/DSC_0482-2-576x1024.jpg 576w, https:\/\/www.joergbayerlein.de\/wp-content\/uploads\/2023\/01\/DSC_0482-2-169x300.jpg 169w, https:\/\/www.joergbayerlein.de\/wp-content\/uploads\/2023\/01\/DSC_0482-2-768x1365.jpg 768w, https:\/\/www.joergbayerlein.de\/wp-content\/uploads\/2023\/01\/DSC_0482-2-864x1536.jpg 864w, https:\/\/www.joergbayerlein.de\/wp-content\/uploads\/2023\/01\/DSC_0482-2-1152x2048.jpg 1152w, https:\/\/www.joergbayerlein.de\/wp-content\/uploads\/2023\/01\/DSC_0482-2-scaled.jpg 1440w\" sizes=\"auto, (max-width: 576px) 100vw, 576px\" \/><\/a><\/figure>\n\n\n\n<p>Dann werden diese vier Kabel plus Erdkabel in den Keller und \u00fcber Kabelkan\u00e4le in den Verteilerraum gef\u00fchrt. Dort befindet sich dann der Wechselrichter und die BYD Batterie, wie folgendes Bild zeigt:<\/p>\n\n\n\n<figure class=\"wp-block-image size-large\"><a href=\"https:\/\/www.joergbayerlein.de\/wp-content\/uploads\/2023\/01\/DSC_0460-2-1-scaled.jpg\"><img loading=\"lazy\" decoding=\"async\" width=\"907\" height=\"1024\" src=\"https:\/\/www.joergbayerlein.de\/wp-content\/uploads\/2023\/01\/DSC_0460-2-1-907x1024.jpg\" alt=\"\" class=\"wp-image-991\" srcset=\"https:\/\/www.joergbayerlein.de\/wp-content\/uploads\/2023\/01\/DSC_0460-2-1-907x1024.jpg 907w, https:\/\/www.joergbayerlein.de\/wp-content\/uploads\/2023\/01\/DSC_0460-2-1-266x300.jpg 266w, https:\/\/www.joergbayerlein.de\/wp-content\/uploads\/2023\/01\/DSC_0460-2-1-768x867.jpg 768w, https:\/\/www.joergbayerlein.de\/wp-content\/uploads\/2023\/01\/DSC_0460-2-1-1361x1536.jpg 1361w, https:\/\/www.joergbayerlein.de\/wp-content\/uploads\/2023\/01\/DSC_0460-2-1-1815x2048.jpg 1815w\" sizes=\"auto, (max-width: 907px) 100vw, 907px\" \/><\/a><\/figure>\n","protected":false},"excerpt":{"rendered":"<p>Da unser S\u00fcd- West- Dach Schornstein, SAT- Antenne und ein Dachfenster enth\u00e4lt, ist eine rechteckige volle Belegung nicht m\u00f6glich. Die Planungsunterlagen von HiPlo sehen 23 Module auf drei Reihen vor. Da die Anzahl der Module pro String etwa gleich gro\u00df sein sollen, habe ich die mittlere Reihe auf beide Strings aufgeteilt. Planungsbild: Jetzt zeigt folgendes [&hellip;]<\/p>\n","protected":false},"author":2,"featured_media":0,"parent":976,"menu_order":0,"comment_status":"closed","ping_status":"closed","template":"","meta":{"footnotes":""},"class_list":["post-986","page","type-page","status-publish","hentry"],"_links":{"self":[{"href":"https:\/\/www.joergbayerlein.de\/index.php?rest_route=\/wp\/v2\/pages\/986","targetHints":{"allow":["GET"]}}],"collection":[{"href":"https:\/\/www.joergbayerlein.de\/index.php?rest_route=\/wp\/v2\/pages"}],"about":[{"href":"https:\/\/www.joergbayerlein.de\/index.php?rest_route=\/wp\/v2\/types\/page"}],"author":[{"embeddable":true,"href":"https:\/\/www.joergbayerlein.de\/index.php?rest_route=\/wp\/v2\/users\/2"}],"replies":[{"embeddable":true,"href":"https:\/\/www.joergbayerlein.de\/index.php?rest_route=%2Fwp%2Fv2%2Fcomments&post=986"}],"version-history":[{"count":2,"href":"https:\/\/www.joergbayerlein.de\/index.php?rest_route=\/wp\/v2\/pages\/986\/revisions"}],"predecessor-version":[{"id":997,"href":"https:\/\/www.joergbayerlein.de\/index.php?rest_route=\/wp\/v2\/pages\/986\/revisions\/997"}],"up":[{"embeddable":true,"href":"https:\/\/www.joergbayerlein.de\/index.php?rest_route=\/wp\/v2\/pages\/976"}],"wp:attachment":[{"href":"https:\/\/www.joergbayerlein.de\/index.php?rest_route=%2Fwp%2Fv2%2Fmedia&parent=986"}],"curies":[{"name":"wp","href":"https:\/\/api.w.org\/{rel}","templated":true}]}}