{"id":729,"date":"2020-11-13T13:39:04","date_gmt":"2020-11-13T12:39:04","guid":{"rendered":"http:\/\/www.joergbayerlein.de\/?page_id=729"},"modified":"2021-12-23T13:46:29","modified_gmt":"2021-12-23T12:46:29","slug":"weitere-c-projekte","status":"publish","type":"page","link":"https:\/\/www.joergbayerlein.de\/?page_id=729","title":{"rendered":"Weitere C# Projekte"},"content":{"rendered":"<p><strong>DirectX<\/strong><\/p>\n<p>Hier sind alle Informationen und ein kleines Beispielprogramm zu finden, allerdings schon etwas veraltet von 2011. Es wird eine x- Datei angezeigt, die nat\u00fcrlich die 3D- Bildinformation enth\u00e4lt. Solche Dateien kann man mit dem Freewareprogramm Googlesketch erstellen, das man im Internet findet. Im pdf- Dokument sind Screenshots des C# &#8211; Programmes und vergleichsweise eines DirektX- Viewers zusehen. <a href=\"https:\/\/www.joergbayerlein.de\/wp-content\/uploads\/2020\/11\/directX-20201113.zip\">Link<\/a><\/p>\n<p><strong>MySQL<\/strong><\/p>\n<p>Hier findet einige Infos, um mit C# eine mySL- Datenbank anzusprechen. Dies wurde in einer Diplomarbeit von Frau Yannan Shen erarbeitet, die dort auch zur Verf\u00fcgung gestellt wird. Ein Beispielprogramm vervollst\u00e4ndigt das Angebot. Dort ist ein Anwesenheitsz\u00e4hler mit Source zu finden, der es erm\u00f6glicht, in einer Veranstaltung mit Studierenden den Barcode des Ausweises zu scannen. Die Anwesenheitszeit und Datum werden dann in einer MySQL- Tabelle und die Studierendendaten in einer zweiten Tabelle einer Datenbank abgelegt. <a href=\"https:\/\/www.joergbayerlein.de\/wp-content\/uploads\/2020\/11\/MySql-und-C-20201113.zip\">Link&nbsp;&nbsp;<\/a>Hier noch ein <a href=\"https:\/\/www.joergbayerlein.de\/wp-content\/uploads\/2021\/12\/CD-result-yannan-shen.zip\">zweiter Link<\/a> auf den (schon etwas veralteten) Source Code. Vielleicht n\u00fctzt er ja noch.<\/p>\n<p><strong>Meilhaus ME 4660 &#8211; AD- Karte<\/strong><\/p>\n<p>Hier wird gezeigt, wie die Meilhauskarte ME 4660 angesprochen wird. Dies geht sowohl mit 32.Bit als auch mit 64 Bit- Windows! <a href=\"https:\/\/www.joergbayerlein.de\/wp-content\/uploads\/2020\/11\/Ad-Meilhaus-me4660-20201113.zip\">Link<\/a><\/p>\n<p><strong>AD- Karten von National Instruments<\/strong><\/p>\n<p>Kommunikation mit NIDAQ- Interface, damit lassen sich fast alle Karten mit gleicher Software ansprechen <a href=\"https:\/\/www.joergbayerlein.de\/wp-content\/uploads\/2020\/11\/NI-Karten-mit-DAQmx-20201113.zip\">Link<\/a><\/p>\n<p><strong>Interface mit Peaktek 4360<\/strong><\/p>\n<p>Als Beispiel soll hier gezeigt werden, wie mit einem Multimeter kommuniziert werden kann, das eine RS232- Schnittstelle besitzt. <a href=\"https:\/\/www.joergbayerlein.de\/wp-content\/uploads\/2020\/11\/RS232-PeakTech-4360-20201113.zip\">Link<\/a><\/p>\n<p><strong>Power Supply HCS 3202<\/strong><\/p>\n<p>Mit diesem <a href=\"https:\/\/www.joergbayerlein.de\/wp-content\/uploads\/2020\/11\/Power-Supply-HCS-3202-20201113.zip\">Link<\/a> finden Sie Informationen, wie sie dieses Netzteil \u00fcber einen USB- Anschluss fernsteuern k\u00f6nnen. Es wird auch hier mit einer COM- Schnittstellenemulation gearbeitet.<\/p>\n<p><strong>Abspeichern von Daten in der Registry<\/strong><\/p>\n<p>Wenn man Projektparameter permanat auf seinem Arbeitsplatz speichern m\u00f6chte und dazu nicht dateien benutzen m\u00f6chte, dann bietet sich der Weg \u00fcber die Registry an. Im Codebook von K\u00fchnel ist der Weg gezeigt und ich hab es in einem Beispielprojekt realisiert, wo Sie sich das anschauen k\u00f6nnen. Au\u00dferdem ist diese Methode auch in meinen Tols benutzt. Da kann man z.B. die Daten eines PID- Reglers von einem Toolprogramm in die Registry schreiben und von dem anderen Auslesen quasi auf Knopfdruck. <a href=\"https:\/\/www.joergbayerlein.de\/wp-content\/uploads\/2020\/11\/Kurs-30-Registry.zip\">Link<\/a><\/p>\n\n\n<p><strong>Modbus- Befehle an Wago &#8211; Klemme \u00fcber TCP\/IP<\/strong><\/p>\n\n\n\n<p>Hier finden Sie ein <a href=\"https:\/\/www.joergbayerlein.de\/wp-content\/uploads\/2021\/12\/WagoWS2012.zip\">Beispielprogramm<\/a>, in dem eine Wago- Klemme per TCP\/IP angesprochen wird und DA- und AD- Wandlerwerte per Modbusprotokoll gelesen und geschrieben werden. <\/p>\n","protected":false},"excerpt":{"rendered":"<p>DirectX Hier sind alle Informationen und ein kleines Beispielprogramm zu finden, allerdings schon etwas veraltet von 2011. Es wird eine x- Datei angezeigt, die nat\u00fcrlich die 3D- Bildinformation enth\u00e4lt. Solche Dateien kann man mit dem Freewareprogramm Googlesketch erstellen, das man im Internet findet. Im pdf- Dokument sind Screenshots des C# &#8211; Programmes und vergleichsweise eines [&hellip;]<\/p>\n","protected":false},"author":2,"featured_media":0,"parent":114,"menu_order":9,"comment_status":"closed","ping_status":"closed","template":"","meta":{"footnotes":""},"class_list":["post-729","page","type-page","status-publish","hentry"],"_links":{"self":[{"href":"https:\/\/www.joergbayerlein.de\/index.php?rest_route=\/wp\/v2\/pages\/729","targetHints":{"allow":["GET"]}}],"collection":[{"href":"https:\/\/www.joergbayerlein.de\/index.php?rest_route=\/wp\/v2\/pages"}],"about":[{"href":"https:\/\/www.joergbayerlein.de\/index.php?rest_route=\/wp\/v2\/types\/page"}],"author":[{"embeddable":true,"href":"https:\/\/www.joergbayerlein.de\/index.php?rest_route=\/wp\/v2\/users\/2"}],"replies":[{"embeddable":true,"href":"https:\/\/www.joergbayerlein.de\/index.php?rest_route=%2Fwp%2Fv2%2Fcomments&post=729"}],"version-history":[{"count":10,"href":"https:\/\/www.joergbayerlein.de\/index.php?rest_route=\/wp\/v2\/pages\/729\/revisions"}],"predecessor-version":[{"id":933,"href":"https:\/\/www.joergbayerlein.de\/index.php?rest_route=\/wp\/v2\/pages\/729\/revisions\/933"}],"up":[{"embeddable":true,"href":"https:\/\/www.joergbayerlein.de\/index.php?rest_route=\/wp\/v2\/pages\/114"}],"wp:attachment":[{"href":"https:\/\/www.joergbayerlein.de\/index.php?rest_route=%2Fwp%2Fv2%2Fmedia&parent=729"}],"curies":[{"name":"wp","href":"https:\/\/api.w.org\/{rel}","templated":true}]}}