{"id":318,"date":"2018-01-16T09:16:22","date_gmt":"2018-01-16T08:16:22","guid":{"rendered":"http:\/\/www.joergbayerlein.de\/?page_id=318"},"modified":"2019-12-12T12:01:48","modified_gmt":"2019-12-12T11:01:48","slug":"reich-sein-bei-gott","status":"publish","type":"page","link":"https:\/\/www.joergbayerlein.de\/?page_id=318","title":{"rendered":"Reich sein bei Gott"},"content":{"rendered":"<p>Im Lukasevangelium in Kapitel 12 lesen wir:<\/p>\n<p>15 Und er sprach zu ihnen: Seht zu und h\u00fctet euch vor aller Habgier; denn niemand lebt davon, dass er viele G\u00fcter hat. 16 Und er sagte ihnen ein Gleichnis und sprach: Es war ein reicher Mensch, dessen Land hatte gut getragen. 17 Und er dachte bei sich selbst und sprach: Was soll ich tun? Ich habe nichts, wohin ich meine Fr\u00fcchte sammle. 18 Und sprach: Das will ich tun: Ich will meine Scheunen abbrechen und gr\u00f6\u00dfere bauen und will darin sammeln all mein Korn und meine G\u00fcter 19 und will sagen zu meiner Seele: Liebe Seele, du hast einen gro\u00dfen Vorrat f\u00fcr viele Jahre; habe nun Ruhe, iss, trink und habe guten Mut! 20 Aber Gott sprach zu ihm: Du Narr! Diese Nacht wird man deine Seele von dir fordern. Und wem wird dann geh\u00f6ren, was du bereitet hast? 21 So geht es dem, der sich Sch\u00e4tze sammelt und ist nicht reich bei Gott.<\/p>\n<p>Hier geht es darum, wovon wir leben oder wie man reich wird bei Gott. Man erf\u00e4hrt leider aber nur, wie es nicht geht. Paulus gibt dagegen eine konkrete Antwort darauf, wie es geht. Im 1. Timotheus Kap. 6 lesen wir:<\/p>\n<p>17 Den Reichen in dieser Welt gebiete, dass sie nicht stolz seien, auch nicht hoffen auf den unsicheren Reichtum, sondern auf Gott, der uns alles reichlich darbietet, es zu genie\u00dfen; 18 dass sie Gutes tun, reich werden an guten Werken, gerne geben, zum Teilen bereit sind 19 und sich selbst einen Schatz sammeln als guten Grund f\u00fcr die Zukunft, damit sie das wahre Leben ergreifen.<\/p>\n<p>Wer zu diesem Thema meine Gedanken h\u00f6ren m\u00f6chte, der kann sich unter <a href=\"https:\/\/www.joergbayerlein.de\/wp-content\/uploads\/2018\/01\/Predigt-Reich-sein-bei-Gott-14.01.2018.mp3\">folgendem Link<\/a> die Predigt vom 14.1.2018 gehalten in der Baptistengemeinde Eutin, anh\u00f6ren.<\/p>\n<p>&nbsp;<\/p>\n","protected":false},"excerpt":{"rendered":"<p>Im Lukasevangelium in Kapitel 12 lesen wir: 15 Und er sprach zu ihnen: Seht zu und h\u00fctet euch vor aller Habgier; denn niemand lebt davon, dass er viele G\u00fcter hat. 16 Und er sagte ihnen ein Gleichnis und sprach: Es war ein reicher Mensch, dessen Land hatte gut getragen. 17 Und er dachte bei sich [&hellip;]<\/p>\n","protected":false},"author":2,"featured_media":0,"parent":215,"menu_order":0,"comment_status":"open","ping_status":"closed","template":"","meta":{"footnotes":""},"class_list":["post-318","page","type-page","status-publish","hentry"],"_links":{"self":[{"href":"https:\/\/www.joergbayerlein.de\/index.php?rest_route=\/wp\/v2\/pages\/318","targetHints":{"allow":["GET"]}}],"collection":[{"href":"https:\/\/www.joergbayerlein.de\/index.php?rest_route=\/wp\/v2\/pages"}],"about":[{"href":"https:\/\/www.joergbayerlein.de\/index.php?rest_route=\/wp\/v2\/types\/page"}],"author":[{"embeddable":true,"href":"https:\/\/www.joergbayerlein.de\/index.php?rest_route=\/wp\/v2\/users\/2"}],"replies":[{"embeddable":true,"href":"https:\/\/www.joergbayerlein.de\/index.php?rest_route=%2Fwp%2Fv2%2Fcomments&post=318"}],"version-history":[{"count":2,"href":"https:\/\/www.joergbayerlein.de\/index.php?rest_route=\/wp\/v2\/pages\/318\/revisions"}],"predecessor-version":[{"id":321,"href":"https:\/\/www.joergbayerlein.de\/index.php?rest_route=\/wp\/v2\/pages\/318\/revisions\/321"}],"up":[{"embeddable":true,"href":"https:\/\/www.joergbayerlein.de\/index.php?rest_route=\/wp\/v2\/pages\/215"}],"wp:attachment":[{"href":"https:\/\/www.joergbayerlein.de\/index.php?rest_route=%2Fwp%2Fv2%2Fmedia&parent=318"}],"curies":[{"name":"wp","href":"https:\/\/api.w.org\/{rel}","templated":true}]}}