{"id":26,"date":"2015-05-30T16:07:31","date_gmt":"2015-05-30T14:07:31","guid":{"rendered":"http:\/\/www.joergbayerlein.de\/?page_id=26"},"modified":"2022-01-11T16:07:41","modified_gmt":"2022-01-11T15:07:41","slug":"test2","status":"publish","type":"page","link":"https:\/\/www.joergbayerlein.de\/?page_id=26","title":{"rendered":"Sachverst\u00e4ndiger"},"content":{"rendered":"<p>Mein Titel beim IHK L\u00fcbeck:<a href=\"https:\/\/www.joergbayerlein.de\/wp-content\/uploads\/2015\/05\/svlogo1.jpg\"><img loading=\"lazy\" decoding=\"async\" class=\"  wp-image-35 alignright\" src=\"https:\/\/www.joergbayerlein.de\/wp-content\/uploads\/2015\/05\/svlogo1-300x290.jpg\" alt=\"svlogo1\" width=\"125\" height=\"121\" srcset=\"https:\/\/www.joergbayerlein.de\/wp-content\/uploads\/2015\/05\/svlogo1-300x290.jpg 300w, https:\/\/www.joergbayerlein.de\/wp-content\/uploads\/2015\/05\/svlogo1.jpg 440w\" sizes=\"auto, (max-width: 125px) 100vw, 125px\" \/><\/a><\/p>\n<p>\u00d6ffentlich bestellter und vereidigter Sachverst\u00e4ndiger f\u00fcr Hard- und Software von Mikroprozessor- und PC-gesteuerten elektronischen Ger\u00e4ten der Mess-, Steuer-, Regelungs-und Medizintechnik<br \/>\nprivat: \u00a0\u00a0 \u00a0J\u00f6rg Bayerlein<br \/>\nSchulweg 4d<br \/>\n23617 Stockelsdorf<br \/>\nTel: 0451\/4988622<br \/>\nmail: \u00a0\u00a0 \u00a0info (at) joergbayerlein.de<br \/>\nSafe: \u00a0 \u00a0 joerg.bayerlein@t-online.de-mail.de<\/p>\n<p>Seit ca. 1992 habe ich nebenberuflich etliche Gutachten, meistens im Auftrage eines Land-, Amts- oder Oberlandesgerichtes angefertigt. Au\u00dferdem bin ich seit einigen Jahren ehrenamtliches Mitglied im Sachverst\u00e4ndigenausschuss der IHK L\u00fcbeck. Ich konnte mich in vielen F\u00e4llen in solche Sachgebiete einarbeiten, f\u00fcr die es bisher keine Gutachter gab. Ich bin sozusagen Experte f\u00fcr schwierige F\u00e4lle. Es muss nur mit meinem Bestallungstitel (s.o.) in Einklang zu bringen sein. Im Zweifelsfall einfach mal unverbindlich anfragen. Meine Kontaktdaten finden Sie im bundesweiten IHK- Verzeichnis <a href=\"https:\/\/svv.ihk.de\/svv\/content\/home\/sachverstaendiger.ihk?cid=901008\">hinter diesem Link.<\/a><\/p>\n<p>Eine Liste von bislang<a href=\"https:\/\/www.joergbayerlein.de\/?page_id=46\"> bearbeiteten Themen finden Sie hier <\/a><\/p>\n","protected":false},"excerpt":{"rendered":"<p>Mein Titel beim IHK L\u00fcbeck: \u00d6ffentlich bestellter und vereidigter Sachverst\u00e4ndiger f\u00fcr Hard- und Software von Mikroprozessor- und PC-gesteuerten elektronischen Ger\u00e4ten der Mess-, Steuer-, Regelungs-und Medizintechnik privat: \u00a0\u00a0 \u00a0J\u00f6rg Bayerlein Schulweg 4d 23617 Stockelsdorf Tel: 0451\/4988622 mail: \u00a0\u00a0 \u00a0info (at) joergbayerlein.de Safe: \u00a0 \u00a0 joerg.bayerlein@t-online.de-mail.de Seit ca. 1992 habe ich nebenberuflich etliche Gutachten, meistens im Auftrage [&hellip;]<\/p>\n","protected":false},"author":2,"featured_media":0,"parent":0,"menu_order":2,"comment_status":"open","ping_status":"closed","template":"","meta":{"footnotes":""},"class_list":["post-26","page","type-page","status-publish","hentry"],"_links":{"self":[{"href":"https:\/\/www.joergbayerlein.de\/index.php?rest_route=\/wp\/v2\/pages\/26","targetHints":{"allow":["GET"]}}],"collection":[{"href":"https:\/\/www.joergbayerlein.de\/index.php?rest_route=\/wp\/v2\/pages"}],"about":[{"href":"https:\/\/www.joergbayerlein.de\/index.php?rest_route=\/wp\/v2\/types\/page"}],"author":[{"embeddable":true,"href":"https:\/\/www.joergbayerlein.de\/index.php?rest_route=\/wp\/v2\/users\/2"}],"replies":[{"embeddable":true,"href":"https:\/\/www.joergbayerlein.de\/index.php?rest_route=%2Fwp%2Fv2%2Fcomments&post=26"}],"version-history":[{"count":11,"href":"https:\/\/www.joergbayerlein.de\/index.php?rest_route=\/wp\/v2\/pages\/26\/revisions"}],"predecessor-version":[{"id":937,"href":"https:\/\/www.joergbayerlein.de\/index.php?rest_route=\/wp\/v2\/pages\/26\/revisions\/937"}],"wp:attachment":[{"href":"https:\/\/www.joergbayerlein.de\/index.php?rest_route=%2Fwp%2Fv2%2Fmedia&parent=26"}],"curies":[{"name":"wp","href":"https:\/\/api.w.org\/{rel}","templated":true}]}}