{"id":204,"date":"2015-09-12T08:38:32","date_gmt":"2015-09-12T06:38:32","guid":{"rendered":"http:\/\/www.joergbayerlein.de\/?page_id=204"},"modified":"2015-09-13T14:55:23","modified_gmt":"2015-09-13T12:55:23","slug":"die-botschaft-von-jesus","status":"publish","type":"page","link":"https:\/\/www.joergbayerlein.de\/?page_id=204","title":{"rendered":"Die Botschaft von Jesus"},"content":{"rendered":"<p>In seinem Buch &#8222;Was w\u00fcrde Jesus heute sagen&#8220; schlie\u00dft Heiner Gei\u00dfler seine Ausf\u00fchrungen mit einer Zusammenfassung der Botschaft von Jesus, die ich gro\u00dfartig finde und hier zitieren m\u00f6chte. Damit k\u00f6nnte wahrlich die Welt revolutioniert werden, wenn wir danach leben w\u00fcrden.<\/p>\n<p>NICHT DIE POLIS, nicht die Nation, nicht der Staat &#8211; der Mensch mit seiner in Gott begr\u00fcndeten unantastbaren W\u00fcrde wird zum Mittelpunkt des politischen Geschehens.<br \/>\nDIE W\u00dcRDE DES MENSCHEN und die aus ihr resultierenden Menschenrechte sind der Ma\u00dfstab der &#8222;Gesetze&#8220; und die Grundlage f\u00fcr das gleichberechtigte und multikulturelle Zusammenleben der Menschen.<br \/>\nDIE LIEBE ZUM N\u00c4CHSTEN hat gleichen Rang wie die Liebe zu Gott. Die Liebe zu Gott ist ohne Liebe zum N\u00e4chsten wertlos.<br \/>\nDIE LIEBE ZUM N\u00c4CHSTEN ist nicht platonisch und keine Sache des Gef\u00fchls. Sie bedeutet Pflicht zum Handeln f\u00fcr denjenigen, der in Not ist, auch f\u00fcr den Feind. Sie sprengt nationale, kulturelle und religi\u00f6se Grenzen, sie gilt allen Menschen unabh\u00e4ngig von Klasse, Rasse, Geschlecht, Nation.<br \/>\nAUCH F\u00dcR DEN FEIND wird jeder Mensch zum N\u00e4chsten, wenn er in Not ger\u00e4t.<br \/>\nVERS\u00d6HNUNG, Entspannung und friedliche L\u00f6sung von Konflikten haben Vorrang vor Gewalt und Krieg.<br \/>\nFREMDENFEINDLICHKEIT ist mit dem Evangelium unvereinbar.<br \/>\nDIE FRAU ist dem Mann ebenb\u00fcrtig. Die Diskriminierung der Frauen in der Politik und der Kirche steht im Gegensatz zum Evangelium. Das Verbot der Frauenordination und das Gebot des Z\u00f6libates haben kein Fundament im Evangelium,<br \/>\nDIE INTERESSEN der Menschen sind wichtiger als die Interessen des Kapitals. Die kapitalistische Weltordnung widerspricht dem Evangelium und ist ein Verbrechen an Milliarden von Menschen, die in Armut, Krankheit und Unwissenheit leben.<br \/>\nZWEI MILLIARDEN CHRISTEN sind die gr\u00f6\u00dften &#8222;global players&#8220; der Welt. Sie m\u00fcssen die treibende Kraft f\u00fcr eine neue, gerechte Weltwirtschaftsordnung sein.<br \/>\nJESUS VERK\u00d6RPERT das Ideal der Glaubw\u00fcrdigkeit, d.h. die Einheit von Ideen, Reden und Handeln, also die Einheit von Anspruch und Wirklichkeit. So wie er die Menschen damals gegen die Machthaber vertreten hat &#8211; unabh\u00e4ngig, freim\u00fctig, selbstbewusst, furchtlos- , w\u00e4re er auch in einem heutigen Parlament der ideale Abgeordnete und Sprecher des Volkes.<br \/>\nDAS J\u00dcDISCHE VOLK tr\u00e4gt keine Schuld am Tode Jesu. Der Antisemitismus ist eine Perversion der menschlichen Zivilisation und Kultur.<br \/>\nDIE BOTSCHAFT verlangt die Realisierung in <em>dieser<\/em> Welt.<\/p>\n<p>Wer sich f\u00fcr die Hintergr\u00fcnde dieser Thesen interessiert, lese sein Buch.<\/p>\n<p>Zur Definition von &#8222;<em>Liebe<\/em>&#8220; bzw. &#8222;<em>N\u00e4chstenliebe<\/em>&#8222;, wie Jesus sie versteht, lese man bei <a href=\"http:\/\/www.impulse-fuer-christen.de\/html\/liebe.html\">Hartmut Sch\u00e4ffer hier <\/a>wichtige Hintergrundinformation<\/p>\n","protected":false},"excerpt":{"rendered":"<p>In seinem Buch &#8222;Was w\u00fcrde Jesus heute sagen&#8220; schlie\u00dft Heiner Gei\u00dfler seine Ausf\u00fchrungen mit einer Zusammenfassung der Botschaft von Jesus, die ich gro\u00dfartig finde und hier zitieren m\u00f6chte. Damit k\u00f6nnte wahrlich die Welt revolutioniert werden, wenn wir danach leben w\u00fcrden. NICHT DIE POLIS, nicht die Nation, nicht der Staat &#8211; der Mensch mit seiner in [&hellip;]<\/p>\n","protected":false},"author":2,"featured_media":0,"parent":39,"menu_order":0,"comment_status":"open","ping_status":"closed","template":"","meta":{"footnotes":""},"class_list":["post-204","page","type-page","status-publish","hentry"],"_links":{"self":[{"href":"https:\/\/www.joergbayerlein.de\/index.php?rest_route=\/wp\/v2\/pages\/204","targetHints":{"allow":["GET"]}}],"collection":[{"href":"https:\/\/www.joergbayerlein.de\/index.php?rest_route=\/wp\/v2\/pages"}],"about":[{"href":"https:\/\/www.joergbayerlein.de\/index.php?rest_route=\/wp\/v2\/types\/page"}],"author":[{"embeddable":true,"href":"https:\/\/www.joergbayerlein.de\/index.php?rest_route=\/wp\/v2\/users\/2"}],"replies":[{"embeddable":true,"href":"https:\/\/www.joergbayerlein.de\/index.php?rest_route=%2Fwp%2Fv2%2Fcomments&post=204"}],"version-history":[{"count":5,"href":"https:\/\/www.joergbayerlein.de\/index.php?rest_route=\/wp\/v2\/pages\/204\/revisions"}],"predecessor-version":[{"id":209,"href":"https:\/\/www.joergbayerlein.de\/index.php?rest_route=\/wp\/v2\/pages\/204\/revisions\/209"}],"up":[{"embeddable":true,"href":"https:\/\/www.joergbayerlein.de\/index.php?rest_route=\/wp\/v2\/pages\/39"}],"wp:attachment":[{"href":"https:\/\/www.joergbayerlein.de\/index.php?rest_route=%2Fwp%2Fv2%2Fmedia&parent=204"}],"curies":[{"name":"wp","href":"https:\/\/api.w.org\/{rel}","templated":true}]}}